?
3
What is the thousands digit of 11144466?
4
What is the hundred thousands digit of 177783?
1
What is the millions digit of 7383572?
7
What is the hundred thousands digit of 6616895?
6
What is the thousands digit of 323436?
3
What is the thousands digit of 194838?
4
What is the thousands digit of 10506452?
6
What is the millions digit of 10891787?
0
What is the thousands digit of 333797?
3
What is the tens digit of 814792?
9
What is the thousands digit of 516870?
6
What is the hundreds digit of 921854?
8
What is the thousands digit of 202369?
2
What is the thousands digit of 1380181?
0
What is the thousands digit of 626943?
6
What is the units digit of 31815340?
0
What is the tens digit of 1024811?
1
What is the ten thousands digit of 482908?
8
What is the hundred thousands digit of 30485254?
4
What is the millions digit of 2936839?
2
What is the hundred thousands digit of 140171?
1
What is the hundred thousands digit of 594232?
5
What is the hundreds digit of 400333?
3
What is the hundred thousands digit of 177170?
1
What is the hundreds digit of 34503?
5
What is the units digit of 21684199?
9
What is the ten thousands digit of 2616118?
1
What is the ten thousands digit of 4793222?
9
What is the thousands digit of 946579?
6
What is the units digit of 327663?
3
What is the hundreds digit of 3348169?
1
What is the millions digit of 2389580?
2
What is the hundreds digit of 150956?
9
What is the tens digit of 1298967?
6
What is the units digit of 177558?
8
What is the hundreds digit of 563577?
5
What is the thousands digit of 37765?
7
What is the ten thousands digit of 436610?
3
What is the thousands digit of 418332?
8
What is the hundred thousands digit of 1552930?
5
What is the millions digit of 15658255?
5
What is the ten thousands digit of 708147?
0
What is the hundred thousands digit of 222722?
2
What is the thousands digit of 334249?
4
What is the thousands digit of 3415?
3
What is the units digit of 409320?
0
What is the hundred thousands digit of 284210?
2
What is the units digit of 3861130?
0
What is the units digit of 669835?
5
What is the thousands digit of 17693419?
3
What is the hundred thousands digit of 8137094?
1
What is the tens digit of 11693744?
4
What is the tens digit of 287839?
3
What is the units digit of 4782895?
5
What is the hundred thousands digit of 2712234?
7
What is the tens digit of 16434103?
0
What is the thousands digit of 330182?
0
What is the tens digit of 545101?
0
What is the tens digit of 2903?
0
What is the millions digit of 2280697?
2
What is the ten thousands digit of 14199700?
9
What is the thousands digit of 10602181?
2
What is the thousands digit of 544916?
4
What is the ten thousands digit of 948008?
4
What is the tens digit of 954724?
2
What is the tens digit of 160720?
2
What is the ten thousands digit of 175545?
7
What is the thousands digit of 922649?
2
What is the tens digit of 512949?
4
What is the millions digit of 2985461?
2
What is the hundred thousands digit of 8075780?
0
What is the hundred thousands digit of 900750?
9
What is the millions digit of 1266222?
1
What is the millions digit of 3172222?
3
What is the millions digit of 4080590?
4
What is the tens digit of 6989911?
1
What is the ten thousands digit of 261687?
6
What is the thousands digit of 136213?
6
What is the thousands digit of 13351085?
1
What is the hundred thousands digit of 767991?
7
What is the thousands digit of 1533757?
3
What is the ten thousands digit of 1488125?
8
What is the units digit of 18620258?
8
What is the hundreds digit of 1509555?
5
What is the tens digit of 6346250?
5
What is the hundred thousands digit of 1377926?
3
What is the ten thousands digit of 484941?
8
What is the hundred thousands digit of 536192?
5
What is the units digit of 420590?
0
What is the millions digit of 2965504?
2
What is the millions digit of 1484928?
1
What is the thousands digit of 305420?
5
What is the tens digit of 72225?
2
What is the hundreds digit of 6020959?
9
What is the millions digit of 3822647?
3
What is the tens digit of 33166?
6
What is the tens digit of 278362?
6
What is the thousands digit of 2529328?
9
What is the thousands digit of 95932?
5
What is the units digit of 320062?
2
What is the tens digit of 1001476?
7
What is the tens digit of 2638311?
1
What is the thousands digit of 8243104?
3
What is the tens digit of 4238045?
4
What is the ten thousands digit of 19897058?
9
What is the hundred thousands digit of 37412131?
4
What is the units digit of 451835?
5
What is the hundreds digit of 1884184?
1
What is the hundred thousands digit of 1191086?
1
What is the hundreds digit of 16184217?
2
What is the tens digit of 2828476?
7
What is the millions digit of 19204368?
9
What is the thousands digit of 8975675?
5
What is the units digit of 48882?
2
What is the hundreds digit of 847802?
8
What is the units digit of 13558046?
6
What is the thousands digit of 832429?
2
What is the ten thousands digit of 2859022?
5
What is the ten thousands digit of 1505236?
0
What is the thousands digit of 899657?
9
What is the hundreds digit of 7477412?
4
What is the units digit of 1020120?
0
What is the thousands digit of 5534049?
4
What is the units digit of 2106803?
3
What is the hundreds digit of 934041?
0
What is the ten thousands digit of 3470017?
7
What is the hundred thousands digit of 42375463?
3
What is the hundred thousands digit of 989828?
9
What is the hundreds digit of 7671074?
0
What is the hundred thousands digit of 117555?
1
What is the hundred thousands digit of 928918?
9
What is the units digit of 12244723?
3
What is the ten thousands digit of 1109065?
0
What is the thousands digit of 6659957?
9
What is the tens digit of 21672?
7
What is the ten thousands digit of 3843724?
4
What is the tens digit of 292728?
2
What is the tens digit of 480069?
6
What is the units digit of 760818?
8
What is the units digit of 184725?
5
What is the tens digit of 1899299?
9
What is the hundred thousands digit of 112254?
1
What is the ten thousands digit of 17814484?
1
What is the units digit of 455051?
1
What is the hundreds digit of 160398?
3
What is the ten thousands digit of 557898?
5
What is the units digit of 736980?
0
What is the hundreds digit of 164421?
4
What is the units digit of 312999?
9
What is the tens digit of 252139?
3
What is the hundred thousands digit of 464156?
4
What is the hundreds digit of 1159949?
9
What is the units digit of 21624213?
3
What is the thousands digit of 43379?
3
What is the tens digit of 445776?
7
What is the ten thousands digit of 30775?
3
What is the thousands digit of 293885?
3
What is the thousands digit of 135460?
5
What is the ten thousands digit of 28042903?
4
What is the ten thousands digit of 445616?
4
What is the hundred thousands digit of 870210?
8
What is the ten thousands digit of 1720802?
2
What is the hundred thousands digit of 10161703?
1
What is the hundred thousands digit of 10578275?
5
What is the thousands digit of 4711647?
1
What is the tens digit of 6205304?
0
What is the thousands digit of 725119?
5
What is the hundred thousands digit of 1121766?
1
What is the units digit of 15753276?
6
What is the thousands digit of 870690?
0
What is the tens digit of 1186758?
5
What is the thousands digit of 163559?
3
What is the thousands digit of 94843?
4
What is the hundreds digit of 1131263?
2
What is the units digit of 2142673?
3
What is the thousands digit of 5481573?
1
What is the ten thousands digit of 71036?
7
What is the units digit of 79171?
1
What is the hundreds digit of 7087643?
6
What is the units digit of 7318165?
5
What is the thousands digit of 2009559?
9
What is the hundred thousands digit of 20067236?
0
What is the thousands digit of 583704?
3
What is the ten thousands digit of 200703?
0
What is the hundreds digit of 21319658?
6
What is the units digit of 42654?
4
What is the ten thousands digit of 1367812?
6
What is the millions digit of 1123948?
1
What is the hundreds digit of 1592175?
1
What is the ten thousands digit of 874936?
7
What is the units digit of 1211096?
6
What is the tens digit of 4125?
2
What is the thousands digit of 384670?
4
What is the tens digit of 213484?
8
What is the hundreds digit of 320843?
8
What is the units digit of 153318?
8
What is the te